ainder when d is divided by 9?
6
Let a = -8 + 22. What is the remainder when 1/4 + (-633)/(-12) is divided by a?
11
Let w be 138/8 - (-1)/(-4). Let r = -2 + w. Calculate the remainder when 29 is divided by r.
14
Suppose -3*w + 5*v + 11 = -0, 3*w - 4*v = 10. Suppose -w*m + 4*m + 5*y = 44, -5*m + 64 = y. Calculate the remainder when (-1)/3 - 70/(-3) is divided by m.
11
Let k(y) = 6*y - 31. Calculate the remainder when 63 is divided by k(7).
8
Let g be 21/((-3 - 1) + 5). Suppose 75 = 4*h - g. Calculate the remainder when h is divided by 14.
10
Let l = 215 - 80. Calculate the remainder when l is divided by 46.
43
Suppose 0 = -2*h + n + n + 24, h - 4 = 5*n. What is the remainder when (-3)/(46/52 - 1) is divided by h?
12
Suppose -5*k - 26 = -1, 3*a - 158 = -5*k. What is the remainder when a is divided by 16?
13
Suppose -5*g + 84 = 29. Let b = 95 + -52. Calculate the remainder when b is divided by g.
10
Let t = 4 - 3. Let j(f) = -f + 6. What is the remainder when j(-8) is divided by (-33)/(-6) + t/(-2)?
4
Let a(z) be the third derivative of -z**6/120 - z**5/60 + z**4/24 + 13*z**3/3 - 5*z**2. Calculate the remainder when a(0) is divided by 14.
12
Let s(t) = 135*t**2 - 4*t + 4. What is the remainder when s(1) is divided by 46?
43
Let w(v) be the third derivative of -v**6/120 + v**5/15 + v**4/24 + v**3/3 - 6*v**2. What is the remainder when 27 is divided by w(3)?
13
Calculate the remainder when 38 is divided by (-4)/(-10) - 96/(-10).
8
Let t = 31 - 21. Suppose -2*y = -y - t. What is the remainder when 29 is divided by y?
9
Let k be 9 - 5 - (-1 + 0). Suppose c + 5*u - 30 = 0, -k*c + 84 = -0*u + 3*u. Let v = -31 + 60. What is the remainder when v is divided by c?
14
Let g(j) = -4*j - 3. Calculate the remainder when g(-3) is divided by 5.
4
What is the remainder when ((-6)/9)/(4/(-444)) is divided by 38?
36
Let m be (-2)/(-5) - 76/(-10). What is the remainder when 46 is divided by ((-24)/(-14))/(m/56)?
10
Suppose 3*d + 6 = 0, -2*d - 3 = z - d. Calculate the remainder when 67 is divided by -2 + 19 + (-1 - z).
16
Let i = -66 + 28. Let c = i - -61. Let m = 38 - 26. Calculate the remainder when c is divided by m.
11
Let x(y) = y**3 - 6*y**2 - y - 6. What is the remainder when x(9) is divided by 33?
30
Let r(v) = -2*v + 8. Let s be r(4). Suppose s = 2*x - 7 - 45. Calculate the remainder when 102 is divided by x.
24
Suppose 3*q - 3 = 12. Suppose -20 = -q*r - 0*r. What is the remainder when r + 12 - (-6)/2 is divided by 7?
5
Let o(p) = -3*p + 28. What is the remainder when 19 is divided by o(7)?
5
Let g(r) = -r + 6. What is the remainder when g(-3) is divided by 3?
0
What is the remainder when (0 - (6/(-3) + 3))*-37 is divided by 16?
5
Let o(r) = -r**3 - 12*r**2 - 12*r + 24. Calculate the remainder when 102 is divided by o(-11).
32
Let t(j) = j + 9. Suppose 2*a = -2*v - 3*v - 4, 22 = 4*a - 5*v. Suppose -a*q = -8*q. Calculate the remainder when 26 is divided by t(q).
8
Let y = 54 + -12. Let v = y - 13. Calculate the remainder when v is divided by 61/4 - 2/8.
14
Suppose s - 3 = -1. Let l(m) = -3*m - 5*m**s + 2*m**2 + 6*m + m**3. What is the remainder when l(4) is divided by 10?
8
Let a = 6 + -12. Let y be 20/a*72/(-30). Calculate the remainder when 27 is divided by ((-21)/(-12))/(1/y).
13
Suppose -5*m + 8 = f, -f + 6 - 2 = m. Suppose 0 = -3*y - 0 + 3. Calculate the remainder when y is divided by m.
0
Suppose 5*d - 2 = 3. Let x(f) = -f**3 - 5*f**2 + 4. Calculate the remainder when d/(-2) - 23/(-2) is divided by x(-5).
3
Suppose 0 = -2*r - 4*i - 90 + 248, -2*i - 8 = 0. Suppose -3*z = 3*p - 207, -122 - r = -3*p - z. Let k = p + -45. Calculate the remainder when k is divided by 9.
7
Let i(n) = -3*n - 3*n - 2 + 5*n. Let f be i(0). What is the remainder when ((-84)/16)/(f/8) is divided by 11?
10
Let a = 8 + -8. Suppose -3*x - c + 11 = a, -8 = -x + c + 1. What is the remainder when x is divided by 4?
1
What is the remainder when 4/(-18) - 235/(-45) is divided by 4?
1
Suppose -5*g = -223 - 72. Calculate the remainder when g is divided by 23.
13
Let i = -4 + 84. Calculate the remainder when i is divided by 12.
8
Let x(c) = 2*c**2 - 2. Let s = 10 - -51. What is the remainder when s is divided by x(3)?
13
Suppose 87 = 5*n + 22. Let g be 1*-2*26/4. Let p = g + 38. Calculate the remainder when p is divided by n.
12
Let u = -29 - -36. What is the remainder when 11 is divided by u?
4
Suppose -2*w = 5*d - 0 + 1, -3*w = -d - 41. Calculate the remainder when 35 is divided by w.
11
Let i(o) = 17*o**2 + 1. Let k = 14 - 13. Calculate the remainder when i(k) is divided by 11.
7
Suppose 2*r = 4*n + 28, 2*n + 3 - 7 = 0. Suppose -4*t = -r - 14. Let g(s) = s**3 + 5*s**2 + 3*s - 1. Calculate the remainder when t is divided by g(-4).
2
Let b(u) = 2*u**2 - 3*u - 5. What is the remainder when 25 is divided by b(4)?
10
Let p(t) = -3*t - 3. Suppose 0 = l + 2 + 1. Let f be p(l). Let n = f + 16. Calculate the remainder when n is divided by 12.
10
Suppose 0 = -5*f + 4*f + 19. Calculate the remainder when f is divided by 0 + 13 + 3/(-1).
9
Suppose -3*q + m = -5*q + 36, 5*q + 2*m - 88 = 0. Let d(p) = -7*p - 25. Calculate the remainder when d(-8) is divided by q.
15
Let u = -3 + 5. Suppose -y - 4 + 22 = 4*c, u*c = 3*y - 82. Let q(o) = -o + 1. What is the remainder when y is divided by q(-8)?
8
Suppose 13*z = 18*z - 110. Calculate the remainder when 85 is divided by z.
19
Let t = 14 - 3. Suppose -5*m = -m + 76. Calculate the remainder when t is divided by (-1)/3 + m/(-3).
5
Let u(k) = 5*k**3 + k**2 + 2*k. Let d be u(2). Suppose -2*t - 5*w = -d, 4 = -4*w + 3*w. What is the remainder when 101 is divided by t?
33
Calculate the remainder when -3 - (3 + (-9)/3) - -37 is divided by 6.
4
Let m be 2 - 1 - 3 - -7. Suppose -m = -5*p + 4*p. Suppose p*y = -3*q + 64, 3*q - 1 = q + 5*y. What is the remainder when 25 is divided by q?
12
Let r(l) = 2*l - 9. Let j be r(11). Suppose p = -5*o + 47, 3*o + 0*o = -3*p + 93. Let z = p - j. What is the remainder when 27 is divided by z?
13
Let y = 83 + -15. What is the remainder when y is divided by 36?
32
Suppose 13*i - 82 = 11*i. Calculate the remainder when 203 is divided by i.
39
Suppose -3 = 13*x - 16*x. What is the remainder when 3 is divided by x?
0
Let o(y) = y**2 + 3*y - 20. Calculate the remainder when 58 is divided by o(-8).
18
Let c = 11 + -7. What is the remainder when ((-20)/(-8)*6)/3 is divided by c?
1
Calculate the remainder when (-209)/(-33)*(2 - -1) is divided by 11.
8
Suppose 0 = -5*k - 4*l + 276, -2*k + 3*l = 3*k - 283. Calculate the remainder when k is divided by 20.
16
Suppose -6*i + 3*i - 2*u = -107, -u = 4*i - 151. Calculate the remainder when 153 is divided by i.
36
Let a be (-2 + 1)/(1/3). Let m(v) = -3*v + 3. Let u(w) = 1. Let d(o) = a*u(o) + m(o). What is the remainder when 26 is divided by d(-3)?
8
Suppose -4*a = -4*j - 24, 3*j + 0*a + 3*a = -42. Let d = 16 + j. Suppose 0 = 5*t + p - 15, 2*t - 3*t - p = 1. What is the remainder when d is divided by t?
2
Suppose -g - 5*l = -37, 5*g + 4*l - 86 = -6. Calculate the remainder when 13 is divided by g.
1
Suppose -3*d - 32 = -5. Let p(f) = f**3 - f**2 + 4*f - 3. Calculate the remainder when p(2) is divided by (d/(-6))/(3/10).
4
Let d = -10 + 17. Suppose i + d = b, 3*i - 11 = -2*b + b. What is the remainder when 31 is divided by b?
7
Let b(w) = -w**3 - w**2 + 2*w + 2. Let c be b(-2). What is the remainder when 9 is divided by -2*1*(-5)/c?
4
Suppose -3*t + 6 = -0*t. Calculate the remainder when 17 is divided by 2/4 - (-17)/t.
8
Let d = 32 + -7. Suppose -2*f + 3*l + 196 = 0, -2*l + 294 = f + 2*f. Calculate the remainder when f is divided by d.
23
Let b be 4 - (3/1 + -3). Suppose -3*x - x + 36 = -4*l, 0 = -4*x - 4*l - b. What is the remainder when 9 is divided by x?
1
Let w(l) = -18*l. Let o be w(-1). Let f be ((-1)/(-1))/(6/o). What is the remainder when ((-20)/f)/((-6)/27) is divided by 16?
14
Let r be -4*(15/(-12))/1. Suppose 10 = -j + 5*y, j - r*j + 45 = -3*y. Let n = j - 8. Calculate the remainder when 12 is divided by n.
5
Let b(a) be the first derivative of 5*a**2/2 + 2*a + 3. Let j be b(2). Suppose 3*h - 4*h + j = 0. What is the remainder when 22 is divided by h?
10
Let v(n) = 3*n**2 + 3*n - 3. What is the remainder when v(-7) is divided by 31?
30
Let x(g) = 8*g**2 - 8*g + 3. What is the remainder